{"id":4342,"date":"2023-04-17T15:05:19","date_gmt":"2023-04-17T13:05:19","guid":{"rendered":"https:\/\/prmeble.com.pl\/?post_type=product&#038;p=4342"},"modified":"2026-01-29T13:38:07","modified_gmt":"2026-01-29T12:38:07","slug":"tapczan-hotelowy-bob","status":"publish","type":"product","link":"https:\/\/prmeble.com.pl\/?product=tapczan-hotelowy-bob","title":{"rendered":"Tapczan Hotelowy BOB"},"content":{"rendered":"<p><strong>Tapczan BOB<\/strong> posiada r\u00f3wnie\u017c miejsce do przechowywania w postaci ukrytego pod stela\u017cem pojemnika, wygodnie otwieranego do g\u00f3ry. Dzi\u0119ki zastosowaniu specjalnych podno\u015bnik\u00f3w spr\u0119\u017cynowych otwieranie oraz zamykanie mebla jest niezwykle \u0142atwe. Dodatkowa przestrze\u0144 sprawdzi si\u0119 do przechowywania po\u015bcieli, zimowych ubra\u0144 oraz innych rzeczy u\u017cytku domowego, na kt\u00f3re brakuje Ci miejsca. Tapczan sprawdzi si\u0119 r\u00f3wnie\u017c jako miejsce do odpoczynku dla domownik\u00f3w oraz go\u015bci.<\/p>\n<p>To praktycznie rozwi\u0105zanie do pomieszczenia o mniejszym metra\u017cu.<\/p>\n<p>Kompaktowy rozmiar oraz prosta, lekka forma idealnie wpasuj\u0105 si\u0119 w niewielk\u0105 przestrze\u0144, dodatkowo nie obci\u0105\u017caj\u0105c jej.<\/p>\n<p>\u0141\u00f3\u017cko wyr\u00f3\u017cnia si\u0119 najwy\u017cszej jako\u015bci komponentami, dzi\u0119ki czemu mo\u017cesz mie\u0107 pewno\u015b\u0107, \u017ce zachowa sw\u00f3j pierwotny stan przez wiele lat.<\/p>\n<p>Aby mog\u0142o s\u0142u\u017cy\u0107 Ci bez zarzutu podczas codziennego u\u017cytkowania wyposa\u017cone zosta\u0142o w wytrzyma\u0142y szkielet, stabiln\u0105 konstrukcj\u0119\u00a0 oraz solidne wype\u0142nienie, gwarantuj\u0105ce wysoki komfort<\/p>\n<h2>Uniwersalno\u015b\u0107<\/h2>\n<p>\u0141\u00f3\u017cko BOB mo\u017cna zmontowa\u0107 wedle twoich potrzeb.<\/p>\n<h2>Nowoczesny design<\/h2>\n<p>To pierwsza rzecz kt\u00f3ra przyci\u0105ga nasz\u0105 uwag\u0119 w naszym tapczanie. Prosta forma doskonale wsp\u00f3\u0142gra z neutralnym po\u0142\u0105czeniem kolorystycznym.<\/p>\n<p>Kompaktowy rozmiar i minimalistyczny wygl\u0105d<\/p>\n<h2><\/h2>\n<h2>Cechy:<\/h2>\n<ul>\n<li>Funkcja spania,<\/li>\n<li>Pojemnik na po\u015bciel,<\/li>\n<li>Solidna i trwa\u0142a konstrukcja<\/li>\n<li>Wysokoelastyczna pianka<\/li>\n<li>Eleganckie n\u00f3\u017cki<\/li>\n<li>Nowoczesna forma<\/li>\n<\/ul>\n<p><b>DODATKOWE INFORMACJE:<\/b><\/p>\n<ul>\n<li>meble s\u0105 fabrycznie nowe, zapakowane w oryginalne opakowanie<\/li>\n<li>meble dostarczamy\u00a0 w paczkach, do samodzielnego monta\u017cu<\/li>\n<li>w zestawie za\u0142\u0105czona instrukcja monta\u017cu i wszystkie niezb\u0119dne elementy<\/li>\n<\/ul>\n<p>&nbsp;<\/p>\n<h3>Informacja o Dostawie:<\/h3>\n<p>Dostawa mebli odbywa si\u0119 w godzinach<strong>\u00a06:00 \u2013 23:00.<\/strong><br \/>\nKlient minimum\u00a0<strong>dzie\u0144 wcze\u015bniej otrzymuje wiadomo\u015b\u0107 sms<\/strong>\u00a0z dok\u0142adn\u0105 informacj\u0105 o przewidywanym czasie dostawy.<br \/>\nKierowca r\u00f3wnie\u017c\u00a0<strong>dzwoni<\/strong>\u00a0do klienta godzin\u0119 przed dostaw\u0105.<br \/>\nMeble dostarczane s\u0105 w paczkach do samodzielnego monta\u017cu i s\u0105 one oryginalnie zapakowane przez producenta.<br \/>\n<strong>Ze wzgl\u0119du na zdrowie naszych kierowc\u00f3w, nie maj\u0105 oni obowi\u0105zku ich wniesienia. W przypadku ch\u0119ci skorzystania z takiej us\u0142ugi, nale\u017cy ustali\u0107 szczeg\u00f3\u0142y bezpo\u015brednio z biurem lub w koszyku wybra\u0107 opcj\u0119 wniesienia<\/strong>\u00a0(Nie przy ka\u017cdym meblu jest ona dost\u0119pna).\u00a0<em><strong>Prosz\u0119 mie\u0107 na uwadze, \u017ce jest to us\u0142uga dodatkowo p\u0142atna.<\/strong><\/em><\/p>\n<p>&nbsp;<\/p>\n<h2><strong>Zach\u0119camy do zakupu!<\/strong><\/h2>\n<p>&nbsp;<\/p>\n","protected":false},"excerpt":{"rendered":"<p>Tapczan BOB posiada r\u00f3wnie\u017c miejsce do przechowywania w postaci ukrytego pod stela\u017cem pojemnika, wygodnie otwieranego do g\u00f3ry. Dzi\u0119ki zastosowaniu specjalnych podno\u015bnik\u00f3w spr\u0119\u017cynowych otwieranie oraz zamykanie mebla jest niezwykle \u0142atwe. Dodatkowa przestrze\u0144 sprawdzi si\u0119 do przechowywania po\u015bcieli, zimowych ubra\u0144 oraz innych rzeczy u\u017cytku domowego, na kt\u00f3re brakuje Ci miejsca. Tapczan sprawdzi si\u0119 r\u00f3wnie\u017c jako miejsce do odpoczynku dla domownik\u00f3w oraz go\u015bci. To praktycznie rozwi\u0105zanie do pomieszczenia o mniejszym metra\u017cu. Kompaktowy rozmiar oraz prosta, lekka forma idealnie wpasuj\u0105 si\u0119 w niewielk\u0105 przestrze\u0144, dodatkowo nie obci\u0105\u017caj\u0105c jej. \u0141\u00f3\u017cko wyr\u00f3\u017cnia si\u0119 najwy\u017cszej jako\u015bci komponentami, dzi\u0119ki czemu mo\u017cesz mie\u0107 pewno\u015b\u0107, \u017ce zachowa sw\u00f3j pierwotny stan przez wiele lat. Aby mog\u0142o s\u0142u\u017cy\u0107 Ci bez zarzutu podczas codziennego u\u017cytkowania wyposa\u017cone zosta\u0142o w wytrzyma\u0142y szkielet, stabiln\u0105 konstrukcj\u0119\u00a0 oraz solidne wype\u0142nienie, gwarantuj\u0105ce wysoki komfort Uniwersalno\u015b\u0107 \u0141\u00f3\u017cko BOB mo\u017cna zmontowa\u0107 wedle twoich potrzeb. Nowoczesny design To pierwsza rzecz kt\u00f3ra przyci\u0105ga nasz\u0105 uwag\u0119 w naszym tapczanie. Prosta forma doskonale wsp\u00f3\u0142gra z neutralnym po\u0142\u0105czeniem kolorystycznym. Kompaktowy rozmiar i minimalistyczny wygl\u0105d Cechy: Funkcja spania, Pojemnik na po\u015bciel, Solidna i trwa\u0142a konstrukcja Wysokoelastyczna pianka Eleganckie n\u00f3\u017cki Nowoczesna forma DODATKOWE INFORMACJE: meble s\u0105 fabrycznie nowe, zapakowane w oryginalne opakowanie meble dostarczamy\u00a0 w paczkach, do samodzielnego monta\u017cu w zestawie za\u0142\u0105czona instrukcja monta\u017cu i wszystkie niezb\u0119dne elementy &nbsp; Informacja o Dostawie: Dostawa mebli odbywa si\u0119 w godzinach\u00a06:00 \u2013 23:00. Klient minimum\u00a0dzie\u0144 wcze\u015bniej otrzymuje wiadomo\u015b\u0107 sms\u00a0z dok\u0142adn\u0105 informacj\u0105 o przewidywanym czasie dostawy. Kierowca r\u00f3wnie\u017c\u00a0dzwoni\u00a0do klienta godzin\u0119 przed dostaw\u0105. Meble dostarczane s\u0105 w paczkach do samodzielnego monta\u017cu i s\u0105 one oryginalnie zapakowane przez producenta. Ze wzgl\u0119du na zdrowie naszych kierowc\u00f3w, nie maj\u0105 oni obowi\u0105zku ich wniesienia. W przypadku ch\u0119ci skorzystania z takiej us\u0142ugi, nale\u017cy ustali\u0107 szczeg\u00f3\u0142y bezpo\u015brednio z biurem lub w koszyku wybra\u0107 opcj\u0119 wniesienia\u00a0(Nie przy ka\u017cdym meblu jest ona dost\u0119pna).\u00a0Prosz\u0119 mie\u0107 na uwadze, \u017ce jest to us\u0142uga dodatkowo p\u0142atna. &nbsp; Zach\u0119camy do zakupu! &nbsp;<\/p>\n","protected":false},"featured_media":12866,"template":"","meta":[],"product_brand":[],"product_cat":[69],"product_tag":[],"class_list":{"0":"post-4342","1":"product","2":"type-product","3":"status-publish","4":"has-post-thumbnail","6":"product_cat-tapczan-hotelowy","8":"first","9":"instock","10":"shipping-taxable","11":"purchasable","12":"product-type-variable","13":"rtwpvs-product"},"yoast_head":"<!-- This site is optimized with the Yoast SEO plugin v27.3 - https:\/\/yoast.com\/product\/yoast-seo-wordpress\/ -->\n<title>Tapczan Hotelowy BOB - PR MEBLE -tanie i dobre - polski producent - sklep meblowy<\/title>\n<meta name=\"robots\" content=\"index, follow, max-snippet:-1, max-image-preview:large, max-video-preview:-1\" \/>\n<link rel=\"canonical\" href=\"https:\/\/prmeble.com.pl\/?product=tapczan-hotelowy-bob\" \/>\n<meta property=\"og:locale\" content=\"pl_PL\" \/>\n<meta property=\"og:type\" content=\"article\" \/>\n<meta property=\"og:title\" content=\"Tapczan Hotelowy BOB - PR MEBLE -tanie i dobre - polski producent - sklep meblowy\" \/>\n<meta property=\"og:description\" content=\"Tapczan BOB posiada r\u00f3wnie\u017c miejsce do przechowywania w postaci ukrytego pod stela\u017cem pojemnika, wygodnie otwieranego do g\u00f3ry. Dzi\u0119ki zastosowaniu specjalnych podno\u015bnik\u00f3w spr\u0119\u017cynowych otwieranie oraz zamykanie mebla jest niezwykle \u0142atwe. Dodatkowa przestrze\u0144 sprawdzi si\u0119 do przechowywania po\u015bcieli, zimowych ubra\u0144 oraz innych rzeczy u\u017cytku domowego, na kt\u00f3re brakuje Ci miejsca. Tapczan sprawdzi si\u0119 r\u00f3wnie\u017c jako miejsce do odpoczynku dla domownik\u00f3w oraz go\u015bci. To praktycznie rozwi\u0105zanie do pomieszczenia o mniejszym metra\u017cu. Kompaktowy rozmiar oraz prosta, lekka forma idealnie wpasuj\u0105 si\u0119 w niewielk\u0105 przestrze\u0144, dodatkowo nie obci\u0105\u017caj\u0105c jej. \u0141\u00f3\u017cko wyr\u00f3\u017cnia si\u0119 najwy\u017cszej jako\u015bci komponentami, dzi\u0119ki czemu mo\u017cesz mie\u0107 pewno\u015b\u0107, \u017ce zachowa sw\u00f3j pierwotny stan przez wiele lat. Aby mog\u0142o s\u0142u\u017cy\u0107 Ci bez zarzutu podczas codziennego u\u017cytkowania wyposa\u017cone zosta\u0142o w wytrzyma\u0142y szkielet, stabiln\u0105 konstrukcj\u0119\u00a0 oraz solidne wype\u0142nienie, gwarantuj\u0105ce wysoki komfort Uniwersalno\u015b\u0107 \u0141\u00f3\u017cko BOB mo\u017cna zmontowa\u0107 wedle twoich potrzeb. Nowoczesny design To pierwsza rzecz kt\u00f3ra przyci\u0105ga nasz\u0105 uwag\u0119 w naszym tapczanie. Prosta forma doskonale wsp\u00f3\u0142gra z neutralnym po\u0142\u0105czeniem kolorystycznym. Kompaktowy rozmiar i minimalistyczny wygl\u0105d Cechy: Funkcja spania, Pojemnik na po\u015bciel, Solidna i trwa\u0142a konstrukcja Wysokoelastyczna pianka Eleganckie n\u00f3\u017cki Nowoczesna forma DODATKOWE INFORMACJE: meble s\u0105 fabrycznie nowe, zapakowane w oryginalne opakowanie meble dostarczamy\u00a0 w paczkach, do samodzielnego monta\u017cu w zestawie za\u0142\u0105czona instrukcja monta\u017cu i wszystkie niezb\u0119dne elementy &nbsp; Informacja o Dostawie: Dostawa mebli odbywa si\u0119 w godzinach\u00a06:00 \u2013 23:00. Klient minimum\u00a0dzie\u0144 wcze\u015bniej otrzymuje wiadomo\u015b\u0107 sms\u00a0z dok\u0142adn\u0105 informacj\u0105 o przewidywanym czasie dostawy. Kierowca r\u00f3wnie\u017c\u00a0dzwoni\u00a0do klienta godzin\u0119 przed dostaw\u0105. Meble dostarczane s\u0105 w paczkach do samodzielnego monta\u017cu i s\u0105 one oryginalnie zapakowane przez producenta. Ze wzgl\u0119du na zdrowie naszych kierowc\u00f3w, nie maj\u0105 oni obowi\u0105zku ich wniesienia. W przypadku ch\u0119ci skorzystania z takiej us\u0142ugi, nale\u017cy ustali\u0107 szczeg\u00f3\u0142y bezpo\u015brednio z biurem lub w koszyku wybra\u0107 opcj\u0119 wniesienia\u00a0(Nie przy ka\u017cdym meblu jest ona dost\u0119pna).\u00a0Prosz\u0119 mie\u0107 na uwadze, \u017ce jest to us\u0142uga dodatkowo p\u0142atna. &nbsp; Zach\u0119camy do zakupu! &nbsp;\" \/>\n<meta property=\"og:url\" content=\"https:\/\/prmeble.com.pl\/?product=tapczan-hotelowy-bob\" \/>\n<meta property=\"og:site_name\" content=\"PR MEBLE -tanie i dobre - polski producent - sklep meblowy\" \/>\n<meta property=\"article:publisher\" content=\"https:\/\/www.facebook.com\/PR-MEBLE-274934799714260\" \/>\n<meta property=\"article:modified_time\" content=\"2026-01-29T12:38:07+00:00\" \/>\n<meta property=\"og:image\" content=\"https:\/\/prmeble.com.pl\/wp-content\/uploads\/2023\/04\/ChatGPT-Image-9-lip-2025-11_30_23-683x1024.png\" \/>\n\t<meta property=\"og:image:width\" content=\"683\" \/>\n\t<meta property=\"og:image:height\" content=\"1024\" \/>\n\t<meta property=\"og:image:type\" content=\"image\/png\" \/>\n<meta name=\"twitter:card\" content=\"summary_large_image\" \/>\n<meta name=\"twitter:label1\" content=\"Szacowany czas czytania\" \/>\n\t<meta name=\"twitter:data1\" content=\"3 minuty\" \/>\n<script type=\"application\/ld+json\" class=\"yoast-schema-graph\">{\"@context\":\"https:\\\/\\\/schema.org\",\"@graph\":[{\"@type\":\"WebPage\",\"@id\":\"https:\\\/\\\/prmeble.com.pl\\\/?product=tapczan-hotelowy-bob\",\"url\":\"https:\\\/\\\/prmeble.com.pl\\\/?product=tapczan-hotelowy-bob\",\"name\":\"Tapczan Hotelowy BOB - PR MEBLE -tanie i dobre - polski producent - sklep meblowy\",\"isPartOf\":{\"@id\":\"https:\\\/\\\/prmeble.com.pl\\\/#website\"},\"primaryImageOfPage\":{\"@id\":\"https:\\\/\\\/prmeble.com.pl\\\/?product=tapczan-hotelowy-bob#primaryimage\"},\"image\":{\"@id\":\"https:\\\/\\\/prmeble.com.pl\\\/?product=tapczan-hotelowy-bob#primaryimage\"},\"thumbnailUrl\":\"https:\\\/\\\/prmeble.com.pl\\\/wp-content\\\/uploads\\\/2023\\\/04\\\/ChatGPT-Image-9-lip-2025-11_30_23.png\",\"datePublished\":\"2023-04-17T13:05:19+00:00\",\"dateModified\":\"2026-01-29T12:38:07+00:00\",\"breadcrumb\":{\"@id\":\"https:\\\/\\\/prmeble.com.pl\\\/?product=tapczan-hotelowy-bob#breadcrumb\"},\"inLanguage\":\"pl-PL\",\"potentialAction\":[{\"@type\":\"ReadAction\",\"target\":[\"https:\\\/\\\/prmeble.com.pl\\\/?product=tapczan-hotelowy-bob\"]}]},{\"@type\":\"ImageObject\",\"inLanguage\":\"pl-PL\",\"@id\":\"https:\\\/\\\/prmeble.com.pl\\\/?product=tapczan-hotelowy-bob#primaryimage\",\"url\":\"https:\\\/\\\/prmeble.com.pl\\\/wp-content\\\/uploads\\\/2023\\\/04\\\/ChatGPT-Image-9-lip-2025-11_30_23.png\",\"contentUrl\":\"https:\\\/\\\/prmeble.com.pl\\\/wp-content\\\/uploads\\\/2023\\\/04\\\/ChatGPT-Image-9-lip-2025-11_30_23.png\",\"width\":1024,\"height\":1536},{\"@type\":\"BreadcrumbList\",\"@id\":\"https:\\\/\\\/prmeble.com.pl\\\/?product=tapczan-hotelowy-bob#breadcrumb\",\"itemListElement\":[{\"@type\":\"ListItem\",\"position\":1,\"name\":\"Strona g\u0142\u00f3wna\",\"item\":\"https:\\\/\\\/prmeble.com.pl\\\/\"},{\"@type\":\"ListItem\",\"position\":2,\"name\":\"Produkty\",\"item\":\"https:\\\/\\\/prmeble.com.pl\\\/?page_id=301\"},{\"@type\":\"ListItem\",\"position\":3,\"name\":\"Tapczan Hotelowy BOB\"}]},{\"@type\":\"WebSite\",\"@id\":\"https:\\\/\\\/prmeble.com.pl\\\/#website\",\"url\":\"https:\\\/\\\/prmeble.com.pl\\\/\",\"name\":\"Pr Meble\",\"description\":\"Tworzymy i sprzedajemy meble tapicerowane. W asortymencie mamy bardzo piekne i nowoczesne naro\u017cniki oraz modne kanapy.\",\"publisher\":{\"@id\":\"https:\\\/\\\/prmeble.com.pl\\\/#organization\"},\"potentialAction\":[{\"@type\":\"SearchAction\",\"target\":{\"@type\":\"EntryPoint\",\"urlTemplate\":\"https:\\\/\\\/prmeble.com.pl\\\/?s={search_term_string}\"},\"query-input\":{\"@type\":\"PropertyValueSpecification\",\"valueRequired\":true,\"valueName\":\"search_term_string\"}}],\"inLanguage\":\"pl-PL\"},{\"@type\":\"Organization\",\"@id\":\"https:\\\/\\\/prmeble.com.pl\\\/#organization\",\"name\":\"Prmeble\",\"url\":\"https:\\\/\\\/prmeble.com.pl\\\/\",\"logo\":{\"@type\":\"ImageObject\",\"inLanguage\":\"pl-PL\",\"@id\":\"https:\\\/\\\/prmeble.com.pl\\\/#\\\/schema\\\/logo\\\/image\\\/\",\"url\":\"https:\\\/\\\/prmeble.com.pl\\\/wp-content\\\/uploads\\\/2021\\\/10\\\/logo.jpg\",\"contentUrl\":\"https:\\\/\\\/prmeble.com.pl\\\/wp-content\\\/uploads\\\/2021\\\/10\\\/logo.jpg\",\"width\":550,\"height\":400,\"caption\":\"Prmeble\"},\"image\":{\"@id\":\"https:\\\/\\\/prmeble.com.pl\\\/#\\\/schema\\\/logo\\\/image\\\/\"},\"sameAs\":[\"https:\\\/\\\/www.facebook.com\\\/PR-MEBLE-274934799714260\"]}]}<\/script>\n<!-- \/ Yoast SEO plugin. -->","yoast_head_json":{"title":"Tapczan Hotelowy BOB - PR MEBLE -tanie i dobre - polski producent - sklep meblowy","robots":{"index":"index","follow":"follow","max-snippet":"max-snippet:-1","max-image-preview":"max-image-preview:large","max-video-preview":"max-video-preview:-1"},"canonical":"https:\/\/prmeble.com.pl\/?product=tapczan-hotelowy-bob","og_locale":"pl_PL","og_type":"article","og_title":"Tapczan Hotelowy BOB - PR MEBLE -tanie i dobre - polski producent - sklep meblowy","og_description":"Tapczan BOB posiada r\u00f3wnie\u017c miejsce do przechowywania w postaci ukrytego pod stela\u017cem pojemnika, wygodnie otwieranego do g\u00f3ry. Dzi\u0119ki zastosowaniu specjalnych podno\u015bnik\u00f3w spr\u0119\u017cynowych otwieranie oraz zamykanie mebla jest niezwykle \u0142atwe. Dodatkowa przestrze\u0144 sprawdzi si\u0119 do przechowywania po\u015bcieli, zimowych ubra\u0144 oraz innych rzeczy u\u017cytku domowego, na kt\u00f3re brakuje Ci miejsca. Tapczan sprawdzi si\u0119 r\u00f3wnie\u017c jako miejsce do odpoczynku dla domownik\u00f3w oraz go\u015bci. To praktycznie rozwi\u0105zanie do pomieszczenia o mniejszym metra\u017cu. Kompaktowy rozmiar oraz prosta, lekka forma idealnie wpasuj\u0105 si\u0119 w niewielk\u0105 przestrze\u0144, dodatkowo nie obci\u0105\u017caj\u0105c jej. \u0141\u00f3\u017cko wyr\u00f3\u017cnia si\u0119 najwy\u017cszej jako\u015bci komponentami, dzi\u0119ki czemu mo\u017cesz mie\u0107 pewno\u015b\u0107, \u017ce zachowa sw\u00f3j pierwotny stan przez wiele lat. Aby mog\u0142o s\u0142u\u017cy\u0107 Ci bez zarzutu podczas codziennego u\u017cytkowania wyposa\u017cone zosta\u0142o w wytrzyma\u0142y szkielet, stabiln\u0105 konstrukcj\u0119\u00a0 oraz solidne wype\u0142nienie, gwarantuj\u0105ce wysoki komfort Uniwersalno\u015b\u0107 \u0141\u00f3\u017cko BOB mo\u017cna zmontowa\u0107 wedle twoich potrzeb. Nowoczesny design To pierwsza rzecz kt\u00f3ra przyci\u0105ga nasz\u0105 uwag\u0119 w naszym tapczanie. Prosta forma doskonale wsp\u00f3\u0142gra z neutralnym po\u0142\u0105czeniem kolorystycznym. Kompaktowy rozmiar i minimalistyczny wygl\u0105d Cechy: Funkcja spania, Pojemnik na po\u015bciel, Solidna i trwa\u0142a konstrukcja Wysokoelastyczna pianka Eleganckie n\u00f3\u017cki Nowoczesna forma DODATKOWE INFORMACJE: meble s\u0105 fabrycznie nowe, zapakowane w oryginalne opakowanie meble dostarczamy\u00a0 w paczkach, do samodzielnego monta\u017cu w zestawie za\u0142\u0105czona instrukcja monta\u017cu i wszystkie niezb\u0119dne elementy &nbsp; Informacja o Dostawie: Dostawa mebli odbywa si\u0119 w godzinach\u00a06:00 \u2013 23:00. Klient minimum\u00a0dzie\u0144 wcze\u015bniej otrzymuje wiadomo\u015b\u0107 sms\u00a0z dok\u0142adn\u0105 informacj\u0105 o przewidywanym czasie dostawy. Kierowca r\u00f3wnie\u017c\u00a0dzwoni\u00a0do klienta godzin\u0119 przed dostaw\u0105. Meble dostarczane s\u0105 w paczkach do samodzielnego monta\u017cu i s\u0105 one oryginalnie zapakowane przez producenta. Ze wzgl\u0119du na zdrowie naszych kierowc\u00f3w, nie maj\u0105 oni obowi\u0105zku ich wniesienia. W przypadku ch\u0119ci skorzystania z takiej us\u0142ugi, nale\u017cy ustali\u0107 szczeg\u00f3\u0142y bezpo\u015brednio z biurem lub w koszyku wybra\u0107 opcj\u0119 wniesienia\u00a0(Nie przy ka\u017cdym meblu jest ona dost\u0119pna).\u00a0Prosz\u0119 mie\u0107 na uwadze, \u017ce jest to us\u0142uga dodatkowo p\u0142atna. &nbsp; Zach\u0119camy do zakupu! &nbsp;","og_url":"https:\/\/prmeble.com.pl\/?product=tapczan-hotelowy-bob","og_site_name":"PR MEBLE -tanie i dobre - polski producent - sklep meblowy","article_publisher":"https:\/\/www.facebook.com\/PR-MEBLE-274934799714260","article_modified_time":"2026-01-29T12:38:07+00:00","og_image":[{"width":683,"height":1024,"url":"https:\/\/prmeble.com.pl\/wp-content\/uploads\/2023\/04\/ChatGPT-Image-9-lip-2025-11_30_23-683x1024.png","type":"image\/png"}],"twitter_card":"summary_large_image","twitter_misc":{"Szacowany czas czytania":"3 minuty"},"schema":{"@context":"https:\/\/schema.org","@graph":[{"@type":"WebPage","@id":"https:\/\/prmeble.com.pl\/?product=tapczan-hotelowy-bob","url":"https:\/\/prmeble.com.pl\/?product=tapczan-hotelowy-bob","name":"Tapczan Hotelowy BOB - PR MEBLE -tanie i dobre - polski producent - sklep meblowy","isPartOf":{"@id":"https:\/\/prmeble.com.pl\/#website"},"primaryImageOfPage":{"@id":"https:\/\/prmeble.com.pl\/?product=tapczan-hotelowy-bob#primaryimage"},"image":{"@id":"https:\/\/prmeble.com.pl\/?product=tapczan-hotelowy-bob#primaryimage"},"thumbnailUrl":"https:\/\/prmeble.com.pl\/wp-content\/uploads\/2023\/04\/ChatGPT-Image-9-lip-2025-11_30_23.png","datePublished":"2023-04-17T13:05:19+00:00","dateModified":"2026-01-29T12:38:07+00:00","breadcrumb":{"@id":"https:\/\/prmeble.com.pl\/?product=tapczan-hotelowy-bob#breadcrumb"},"inLanguage":"pl-PL","potentialAction":[{"@type":"ReadAction","target":["https:\/\/prmeble.com.pl\/?product=tapczan-hotelowy-bob"]}]},{"@type":"ImageObject","inLanguage":"pl-PL","@id":"https:\/\/prmeble.com.pl\/?product=tapczan-hotelowy-bob#primaryimage","url":"https:\/\/prmeble.com.pl\/wp-content\/uploads\/2023\/04\/ChatGPT-Image-9-lip-2025-11_30_23.png","contentUrl":"https:\/\/prmeble.com.pl\/wp-content\/uploads\/2023\/04\/ChatGPT-Image-9-lip-2025-11_30_23.png","width":1024,"height":1536},{"@type":"BreadcrumbList","@id":"https:\/\/prmeble.com.pl\/?product=tapczan-hotelowy-bob#breadcrumb","itemListElement":[{"@type":"ListItem","position":1,"name":"Strona g\u0142\u00f3wna","item":"https:\/\/prmeble.com.pl\/"},{"@type":"ListItem","position":2,"name":"Produkty","item":"https:\/\/prmeble.com.pl\/?page_id=301"},{"@type":"ListItem","position":3,"name":"Tapczan Hotelowy BOB"}]},{"@type":"WebSite","@id":"https:\/\/prmeble.com.pl\/#website","url":"https:\/\/prmeble.com.pl\/","name":"Pr Meble","description":"Tworzymy i sprzedajemy meble tapicerowane. W asortymencie mamy bardzo piekne i nowoczesne naro\u017cniki oraz modne kanapy.","publisher":{"@id":"https:\/\/prmeble.com.pl\/#organization"},"potentialAction":[{"@type":"SearchAction","target":{"@type":"EntryPoint","urlTemplate":"https:\/\/prmeble.com.pl\/?s={search_term_string}"},"query-input":{"@type":"PropertyValueSpecification","valueRequired":true,"valueName":"search_term_string"}}],"inLanguage":"pl-PL"},{"@type":"Organization","@id":"https:\/\/prmeble.com.pl\/#organization","name":"Prmeble","url":"https:\/\/prmeble.com.pl\/","logo":{"@type":"ImageObject","inLanguage":"pl-PL","@id":"https:\/\/prmeble.com.pl\/#\/schema\/logo\/image\/","url":"https:\/\/prmeble.com.pl\/wp-content\/uploads\/2021\/10\/logo.jpg","contentUrl":"https:\/\/prmeble.com.pl\/wp-content\/uploads\/2021\/10\/logo.jpg","width":550,"height":400,"caption":"Prmeble"},"image":{"@id":"https:\/\/prmeble.com.pl\/#\/schema\/logo\/image\/"},"sameAs":["https:\/\/www.facebook.com\/PR-MEBLE-274934799714260"]}]}},"total_sales":"26","_tax_status":"taxable","_tax_class":"","_manage_stock":"no","_backorders":"no","_sold_individually":"no","_virtual":"no","_downloadable":"no","_download_limit":"-1","_download_expiry":"-1","_stock":"","_stock_status":"instock","_wc_average_rating":"0","_wc_review_count":"0","_product_attributes":{"rozmiar":{"name":"Rozmiar","value":"70x200cm | 80x200cm | 90x200cm","position":0,"is_visible":0,"is_variation":1,"is_taxonomy":0}},"_product_version":"10.4.3","_wpcom_is_markdown":"","_edit_lock":"1769690308:1","_edit_last":"1","_thumbnail_id":"12866","_sku":"","_wp_page_template":"default","_last_editor_used_jetpack":"","_elementor_template_type":"","_elementor_version":"","_elementor_data":"","_yoast_wpseo_estimated-reading-time-minutes":"3","_yoast_wpseo_metadesc":"","_wp_old_slug":"","_yoast_wpseo_primary_product_cat":"69","_oembed_7eca53afccebf1f861dae06bfb2dfa8a":"","_oembed_time_7eca53afccebf1f861dae06bfb2dfa8a":"","_yoast_wpseo_wordproof_timestamp":"","_wc_gla_visibility":"sync-and-show","_wc_gla_synced_at":"1769689787","_wc_gla_sync_status":"pending","_wc_gla_google_ids":{"PL":"online:pl:PL:gla_4355"},"fb_product_group_id":"6306966332693679","_wc_facebook_commerce_enabled":"no","_yoast_wpseo_content_score":"90","_yoast_wpseo_focuskw":"","_yoast_wpseo_linkdex":"","_product_image_gallery":"4347,4348,4349,4350,4351,4352,4353,4354,4365","_crosssell_ids":[2543],"shopengine_product_views_count":"4259","_yoast_wpseo_primary_fb_product_set":"","xfgmc_google_product_category":"","xfgmc_identifier_exists":"","xfgmc_adult":"","xfgmc_condition":"","_xfgmc_is_bundle":"default","_xfgmc_return_rule_label":"","xfgmc_custom_label_0":"","xfgmc_custom_label_1":"","xfgmc_custom_label_2":"","xfgmc_custom_label_3":"","xfgmc_custom_label_4":"","_price":"480","_eael_post_view_count":"3774","_regular_price":"","_wc_facebook_sync_enabled":"yes","fb_visibility":"yes","fb_product_description":"","_wc_facebook_product_image_source":"product","wpr_secondary_image_id":"0","fb_product_item_id":"","_sale_price":"","wp_statistics_words_count":"275","fb_rich_text_description":"","fb_product_video":[],"fb_brand":"","fb_mpn":"","_yoast_wpseo_primary_product_brand":"","_xmlsf_image_attached":{"loc":"https:\/\/prmeble.com.pl\/wp-content\/uploads\/2023\/04\/ChatGPT-Image-9-lip-2025-11_30_23.png","title":"ChatGPT Image 9 lip 2025, 11_30_23","caption":""},"_wc_gla_mc_status":"","_elementor_page_assets":"","shopmagic_source_recipe":"","_wc_gla_errors":"","_weight":"","woo_inpost_shipping_methods_allowed":"","woo_inpost_parcel_dimensions":"","_wc_facebook_google_product_category":"","_yoast_wpseo_title":"","_xfgmc_fb_product_category":"","_xfgmc_tax_category":"","_xfgmc_multipack":"","_xfgmc_shipping_label":"","_xfgmc_unit_pricing_measure":"","_xfgmc_unit_pricing_base_measure":"","_xfgmc_store_code":"","_xfgmc_min_handling_time":"","_xfgmc_max_handling_time":"","_wcpa_product_meta":"","wcpa_exclude_global_forms":"","_upsell_ids":"","_wp_old_date":"","_umb_fruugo_simple_title":"","_umb_fruugo_simple_desc":"","_umb_fruggo_id_type":"","_umb_fruugo_standard_code_val":"","_umb_fruugo_brand":"","_umb_fruugo_vat":"","_umb_fruugo_discount_price":"","_ced_increase_price_fruugo":"","_umb_fruugo_category":"","_ced_fruugo_language_section":"","_ced_fruugo_attributeSize":"","_ced_fruugo_attributeColor":"","_ced_fruugo_currency":"","_ced_fruugo_leadTime":"","_ced_fruugo_packageWeight":"","_ced_fruugo_attribute1":"","_ced_fruugo_attribute2":"","_ced_fruugo_attribute3":"","_ced_fruugo_attribute4":"","_ced_fruugo_attribute5":"","_ced_fruugo_attribute6":"","_ced_fruugo_attribute7":"","_ced_fruugo_attribute8":"","_ced_fruugo_attribute9":"","_ced_fruugo_attribute10":"","_yoast_wpseo_primary_item":"","_wp_trash_meta_status":"","_wp_trash_meta_time":"","_wp_desired_post_slug":"","_links":{"self":[{"href":"https:\/\/prmeble.com.pl\/index.php?rest_route=\/wp\/v2\/product\/4342","targetHints":{"allow":["GET"]}}],"collection":[{"href":"https:\/\/prmeble.com.pl\/index.php?rest_route=\/wp\/v2\/product"}],"about":[{"href":"https:\/\/prmeble.com.pl\/index.php?rest_route=\/wp\/v2\/types\/product"}],"version-history":[{"count":1,"href":"https:\/\/prmeble.com.pl\/index.php?rest_route=\/wp\/v2\/product\/4342\/revisions"}],"predecessor-version":[{"id":12867,"href":"https:\/\/prmeble.com.pl\/index.php?rest_route=\/wp\/v2\/product\/4342\/revisions\/12867"}],"wp:featuredmedia":[{"embeddable":true,"href":"https:\/\/prmeble.com.pl\/index.php?rest_route=\/wp\/v2\/media\/12866"}],"wp:attachment":[{"href":"https:\/\/prmeble.com.pl\/index.php?rest_route=%2Fwp%2Fv2%2Fmedia&parent=4342"}],"wp:term":[{"taxonomy":"product_brand","embeddable":true,"href":"https:\/\/prmeble.com.pl\/index.php?rest_route=%2Fwp%2Fv2%2Fproduct_brand&post=4342"},{"taxonomy":"product_cat","embeddable":true,"href":"https:\/\/prmeble.com.pl\/index.php?rest_route=%2Fwp%2Fv2%2Fproduct_cat&post=4342"},{"taxonomy":"product_tag","embeddable":true,"href":"https:\/\/prmeble.com.pl\/index.php?rest_route=%2Fwp%2Fv2%2Fproduct_tag&post=4342"}],"curies":[{"name":"wp","href":"https:\/\/api.w.org\/{rel}","templated":true}]}}